{"id":10027,"date":"2023-12-05T10:53:08","date_gmt":"2023-12-05T13:53:08","guid":{"rendered":"https:\/\/marquesestofados.com.br\/loja\/?post_type=product&#038;p=10027"},"modified":"2025-02-03T16:53:44","modified_gmt":"2025-02-03T19:53:44","slug":"sofa-eletrico-modelo-panama-4-lug-240m-retratil-cama-tecido-linho-cor-cinza-pronta-entrega","status":"publish","type":"product","link":"https:\/\/marquesestofados.com.br\/loja\/produto\/sofa-eletrico-modelo-panama-4-lug-240m-retratil-cama-tecido-linho-cor-cinza-pronta-entrega\/","title":{"rendered":"Sof\u00e1 El\u00e9trico Modelo Panam\u00e1 4 Lugares Tamanho 2,40m Retr\u00e1til\/El\u00e9trico\/Cama Tecido Encorpado em Linho Cor Cinza Claro &#8211; PRONTA ENTREGA"},"content":{"rendered":"<p>Sof\u00e1 Retr\u00e1til Automatizado Modelo Panam\u00e1 e \u00f3timo para relaxar sem abrir m\u00e3o da facilidade e conforto do sof\u00e1 el\u00e9trico sendo retr\u00e1til e reclin\u00e1vel.<\/p>\n<p>Ele permite ter um sof\u00e1 acomodar as visitas, com espumas firmes nos assentos e estruturas resistentes. Al\u00e9m de cama tamb\u00e9m usa como sof\u00e1 retr\u00e1til para sala de TV e quando fechado, ele fica igual ao sof\u00e1 living.<\/p>\n<p>Conforto e eleg\u00e2ncia em um sof\u00e1 3 em 1:<\/p>\n<ul>\n<li>Sof\u00e1 cama<\/li>\n<li>Sof\u00e1 Retr\u00e1til<\/li>\n<li>Sof\u00e1 de Living<\/li>\n<\/ul>\n","protected":false},"excerpt":{"rendered":"<div class=\"woocommerce-product-details__short-description\">\n<p>Sof\u00e1 Retr\u00e1til Automatizado Modelo Panam\u00e1 e \u00f3timo para relaxar sem abrir m\u00e3o da facilidade e conforto do sof\u00e1 el\u00e9trico sendo retr\u00e1til e reclin\u00e1vel.<\/p>\n<\/div>\n","protected":false},"featured_media":10179,"comment_status":"open","ping_status":"closed","template":"","meta":[],"product_cat":[125,126,67],"product_tag":[],"class_list":{"0":"post-10027","1":"product","2":"type-product","3":"status-publish","4":"has-post-thumbnail","6":"product_cat-sofa-cama","7":"product_cat-sofa-retratil","8":"product_cat-sofas","10":"first","11":"instock","12":"shipping-taxable","13":"purchasable","14":"product-type-simple","15":"col-xs-6 col-sm-4","16":"col-md-3 col-lg-3","17":"un-4-cols"},"_links":{"self":[{"href":"https:\/\/marquesestofados.com.br\/loja\/wp-json\/wp\/v2\/product\/10027","targetHints":{"allow":["GET"]}}],"collection":[{"href":"https:\/\/marquesestofados.com.br\/loja\/wp-json\/wp\/v2\/product"}],"about":[{"href":"https:\/\/marquesestofados.com.br\/loja\/wp-json\/wp\/v2\/types\/product"}],"replies":[{"embeddable":true,"href":"https:\/\/marquesestofados.com.br\/loja\/wp-json\/wp\/v2\/comments?post=10027"}],"wp:featuredmedia":[{"embeddable":true,"href":"https:\/\/marquesestofados.com.br\/loja\/wp-json\/wp\/v2\/media\/10179"}],"wp:attachment":[{"href":"https:\/\/marquesestofados.com.br\/loja\/wp-json\/wp\/v2\/media?parent=10027"}],"wp:term":[{"taxonomy":"product_cat","embeddable":true,"href":"https:\/\/marquesestofados.com.br\/loja\/wp-json\/wp\/v2\/product_cat?post=10027"},{"taxonomy":"product_tag","embeddable":true,"href":"https:\/\/marquesestofados.com.br\/loja\/wp-json\/wp\/v2\/product_tag?post=10027"}],"curies":[{"name":"wp","href":"https:\/\/api.w.org\/{rel}","templated":true}]}}

Sofá Elétrico Modelo Panamá 4 Lugares Tamanho 2,40m Retrátil/Elétrico/Cama Tecido Encorpado em Linho Cor Cinza Claro &#8211; PRONTA ENTREGA

<p>Sofá Retrátil Automatizado Modelo Panamá e ótimo para relaxar sem abrir mão da facilidade e conforto do sofá elétrico sendo retrátil e reclinável.</p>
<p>Ele permite ter um sofá acomodar as visitas, com espumas firmes nos assentos e estruturas resistentes. Além de cama também usa como sofá retrátil para sala de TV e quando fechado, ele fica igual ao sofá living.</p>
<p>Conforto e elegância em um sofá 3 em 1:</p>
<ul>
<li>Sofá cama</li>
<li>Sofá Retrátil</li>
<li>Sofá de Living</li>
</ul>

<div class="woocommerce-product-details__short-description">
<p>Sofá Retrátil Automatizado Modelo Panamá e ótimo para relaxar sem abrir mão da facilidade e conforto do sofá elétrico sendo retrátil e reclinável.</p>
</div>
