{"id":10228,"date":"2024-03-23T12:13:56","date_gmt":"2024-03-23T15:13:56","guid":{"rendered":"https:\/\/marquesestofados.com.br\/loja\/?post_type=product&#038;p=10228"},"modified":"2024-08-07T16:20:04","modified_gmt":"2024-08-07T19:20:04","slug":"jogo-de-mesas-lateral-tampo-madeira-cor-natural-com-pe-madeira-cor-natural-2-unidades-pronta-entrega","status":"publish","type":"product","link":"https:\/\/marquesestofados.com.br\/loja\/produto\/jogo-de-mesas-lateral-tampo-madeira-cor-natural-com-pe-madeira-cor-natural-2-unidades-pronta-entrega\/","title":{"rendered":"Jogo de (2) Mesas Lateral com Tampo Madeira Natural cor Mel com Base de P\u00e9 Palito de Madeira cor Natural Castanho &#8211; PRONTA ENTREGA"},"content":{"rendered":"","protected":false},"excerpt":{"rendered":"<p><span class=\"a-text-bold\">Mesa lateral \u00e9 essencial para completar a decora\u00e7\u00e3o na sala de estar. <\/span>\u00c9 uma pe\u00e7a que agrega mais op\u00e7\u00f5es para explorar a decora\u00e7\u00e3o do ambiente. Com design leve e que se adequa a qualquer estilo.<\/p>\n","protected":false},"featured_media":13134,"comment_status":"open","ping_status":"closed","template":"","meta":[],"product_cat":[141,249],"product_tag":[],"class_list":{"0":"post-10228","1":"product","2":"type-product","3":"status-publish","4":"has-post-thumbnail","6":"product_cat-decoracoes","7":"product_cat-mesa-lateral-apoio","8":"product_shipping_class-pronta-entrega","10":"first","11":"instock","12":"shipping-taxable","13":"purchasable","14":"product-type-simple","15":"col-xs-6 col-sm-4","16":"col-md-3 col-lg-3","17":"un-4-cols"},"_links":{"self":[{"href":"https:\/\/marquesestofados.com.br\/loja\/wp-json\/wp\/v2\/product\/10228","targetHints":{"allow":["GET"]}}],"collection":[{"href":"https:\/\/marquesestofados.com.br\/loja\/wp-json\/wp\/v2\/product"}],"about":[{"href":"https:\/\/marquesestofados.com.br\/loja\/wp-json\/wp\/v2\/types\/product"}],"replies":[{"embeddable":true,"href":"https:\/\/marquesestofados.com.br\/loja\/wp-json\/wp\/v2\/comments?post=10228"}],"wp:featuredmedia":[{"embeddable":true,"href":"https:\/\/marquesestofados.com.br\/loja\/wp-json\/wp\/v2\/media\/13134"}],"wp:attachment":[{"href":"https:\/\/marquesestofados.com.br\/loja\/wp-json\/wp\/v2\/media?parent=10228"}],"wp:term":[{"taxonomy":"product_cat","embeddable":true,"href":"https:\/\/marquesestofados.com.br\/loja\/wp-json\/wp\/v2\/product_cat?post=10228"},{"taxonomy":"product_tag","embeddable":true,"href":"https:\/\/marquesestofados.com.br\/loja\/wp-json\/wp\/v2\/product_tag?post=10228"}],"curies":[{"name":"wp","href":"https:\/\/api.w.org\/{rel}","templated":true}]}}