{"id":10855,"date":"2024-07-03T07:39:47","date_gmt":"2024-07-03T10:39:47","guid":{"rendered":"https:\/\/marquesestofados.com.br\/loja\/?post_type=product&#038;p=10855"},"modified":"2024-07-03T07:43:27","modified_gmt":"2024-07-03T10:43:27","slug":"jogo-de-comoda-com-6-gavetas-e-2-mesas-de-cabeceira-para-quarto-cor-branco-acetinado-c-pes-dourado-sob-encomenda","status":"publish","type":"product","link":"https:\/\/marquesestofados.com.br\/loja\/produto\/jogo-de-comoda-com-6-gavetas-e-2-mesas-de-cabeceira-para-quarto-cor-branco-acetinado-c-pes-dourado-sob-encomenda\/","title":{"rendered":"Jogo de C\u00f4moda com 6 Gavetas e (2) Mesas de Cabeceira para Quarto cor Branco Acetinado c\/ P\u00e9s Dourado &#8211; SOB ENCOMENDA"},"content":{"rendered":"","protected":false},"excerpt":{"rendered":"<p>Jogo de C\u00f4moda e Mesas de Cabeceira com detalhes em dos p\u00e9s em dourado e MDP em branco acetinado. Perfeito para decorar o quarto dando um detalhe bem especial.<\/p>\n<div><\/div>\n","protected":false},"featured_media":10856,"comment_status":"open","ping_status":"closed","template":"","meta":[],"product_cat":[210,251,250],"product_tag":[],"class_list":{"0":"post-10855","1":"product","2":"type-product","3":"status-publish","4":"has-post-thumbnail","6":"product_cat-cabeceiras","7":"product_cat-comoda-quarto","8":"product_cat-mesa-de-cabeceira-mesa-cama","9":"product_shipping_class-fabricar-60-dias","11":"first","12":"onbackorder","13":"shipping-taxable","14":"purchasable","15":"product-type-simple","16":"col-xs-6 col-sm-4","17":"col-md-3 col-lg-3","18":"un-4-cols"},"_links":{"self":[{"href":"https:\/\/marquesestofados.com.br\/loja\/wp-json\/wp\/v2\/product\/10855","targetHints":{"allow":["GET"]}}],"collection":[{"href":"https:\/\/marquesestofados.com.br\/loja\/wp-json\/wp\/v2\/product"}],"about":[{"href":"https:\/\/marquesestofados.com.br\/loja\/wp-json\/wp\/v2\/types\/product"}],"replies":[{"embeddable":true,"href":"https:\/\/marquesestofados.com.br\/loja\/wp-json\/wp\/v2\/comments?post=10855"}],"wp:featuredmedia":[{"embeddable":true,"href":"https:\/\/marquesestofados.com.br\/loja\/wp-json\/wp\/v2\/media\/10856"}],"wp:attachment":[{"href":"https:\/\/marquesestofados.com.br\/loja\/wp-json\/wp\/v2\/media?parent=10855"}],"wp:term":[{"taxonomy":"product_cat","embeddable":true,"href":"https:\/\/marquesestofados.com.br\/loja\/wp-json\/wp\/v2\/product_cat?post=10855"},{"taxonomy":"product_tag","embeddable":true,"href":"https:\/\/marquesestofados.com.br\/loja\/wp-json\/wp\/v2\/product_tag?post=10855"}],"curies":[{"name":"wp","href":"https:\/\/api.w.org\/{rel}","templated":true}]}}