{"id":13410,"date":"2024-08-10T08:52:14","date_gmt":"2024-08-10T11:52:14","guid":{"rendered":"https:\/\/marquesestofados.com.br\/loja\/?post_type=product&#038;p=13410"},"modified":"2025-02-26T18:18:47","modified_gmt":"2025-02-26T21:18:47","slug":"mesa-de-escritorio-para-quarto-com-2-gavetas-tamanho-95x50-pes-torneados-de-madeira-macica-cores-sob-encomenda","status":"publish","type":"product","link":"https:\/\/marquesestofados.com.br\/loja\/produto\/mesa-de-escritorio-para-quarto-com-2-gavetas-tamanho-95x50-pes-torneados-de-madeira-macica-cores-sob-encomenda\/","title":{"rendered":"Mesa de Escritorio para Quarto com (2) Gavetas Tamanho 95&#215;50 P\u00e9s Torneados de Madeira Maci\u00e7a (CORES) &#8211; SOB ENCOMENDA"},"content":{"rendered":"","protected":false},"excerpt":{"rendered":"<p>Mesa de Escrit\u00f3rio para Quarto com detalhes em madeira maci\u00e7a com base torneada. Perfeito para decorar o quarto dando um detalhe bem especial.<\/p>\n<div><\/div>\n","protected":false},"featured_media":13419,"comment_status":"open","ping_status":"closed","template":"","meta":[],"product_cat":[210,251,250],"product_tag":[],"class_list":{"0":"post-13410","1":"product","2":"type-product","3":"status-publish","4":"has-post-thumbnail","6":"product_cat-cabeceiras","7":"product_cat-comoda-quarto","8":"product_cat-mesa-de-cabeceira-mesa-cama","9":"product_shipping_class-fabricar-60-dias","11":"first","12":"onbackorder","13":"shipping-taxable","14":"purchasable","15":"product-type-variable","16":"col-xs-6 col-sm-4","17":"col-md-3 col-lg-3","18":"un-4-cols"},"_links":{"self":[{"href":"https:\/\/marquesestofados.com.br\/loja\/wp-json\/wp\/v2\/product\/13410","targetHints":{"allow":["GET"]}}],"collection":[{"href":"https:\/\/marquesestofados.com.br\/loja\/wp-json\/wp\/v2\/product"}],"about":[{"href":"https:\/\/marquesestofados.com.br\/loja\/wp-json\/wp\/v2\/types\/product"}],"replies":[{"embeddable":true,"href":"https:\/\/marquesestofados.com.br\/loja\/wp-json\/wp\/v2\/comments?post=13410"}],"wp:featuredmedia":[{"embeddable":true,"href":"https:\/\/marquesestofados.com.br\/loja\/wp-json\/wp\/v2\/media\/13419"}],"wp:attachment":[{"href":"https:\/\/marquesestofados.com.br\/loja\/wp-json\/wp\/v2\/media?parent=13410"}],"wp:term":[{"taxonomy":"product_cat","embeddable":true,"href":"https:\/\/marquesestofados.com.br\/loja\/wp-json\/wp\/v2\/product_cat?post=13410"},{"taxonomy":"product_tag","embeddable":true,"href":"https:\/\/marquesestofados.com.br\/loja\/wp-json\/wp\/v2\/product_tag?post=13410"}],"curies":[{"name":"wp","href":"https:\/\/api.w.org\/{rel}","templated":true}]}}