{"id":18809,"date":"2025-06-25T08:43:16","date_gmt":"2025-06-25T11:43:16","guid":{"rendered":"https:\/\/marquesestofados.com.br\/loja\/?post_type=product&#038;p=18809"},"modified":"2025-07-01T20:55:27","modified_gmt":"2025-07-01T23:55:27","slug":"sofa-eletrico-retratil-e-reclinavel-modelo-lucca-em-2-ou-3-modulos-com-tamanho-208-222-242-291-312-342-material-couro-100-natural-cores-sob-encomenda","status":"publish","type":"product","link":"https:\/\/marquesestofados.com.br\/loja\/produto\/sofa-eletrico-retratil-e-reclinavel-modelo-lucca-em-2-ou-3-modulos-com-tamanho-208-222-242-291-312-342-material-couro-100-natural-cores-sob-encomenda\/","title":{"rendered":"Sof\u00e1 El\u00e9trico Retr\u00e1til e Reclin\u00e1vel Modelo Lucca em 2 ou 3 M\u00f3dulos com Tamanho 208\/222\/242\/291\/312\/342 Material Couro 100% Natural (CORES) \u2013 SOB ENCOMENDA"},"content":{"rendered":"<p>O\u00a0sof\u00e1 em couro \u00e9 um item atemporal, n\u00e3o s\u00f3 pela alta resist\u00eancia ou por simplesmente ser apaixonado pelo aspecto sofisticado que esse revestimento traz ao ambiente, mas tamb\u00e9m por que e um modelo que nunca fica fora das tendencias.<\/p>\n<p>Durabilidade: s\u00e3o altamente resistentes. Outro ponto que ajuda a aumentar a durabilidade do produto \u00e9 a conserva\u00e7\u00e3o. Basta passar um pano \u00famido no estofado para limpar. Ali\u00e1s, a limpeza tamb\u00e9m pode ser considerada um motivo a mais para adquirir um\u00a0sof\u00e1 em couro, j\u00e1 que \u00e9 super f\u00e1cil.<\/p>\n<p>Impermeabilidade: Al\u00e9m da facilidade na hora de limpar, o couro \u00e9 imperme\u00e1vel. N\u00e3o se preocupe se voc\u00ea derramar alguma bebida no sof\u00e1. \u00c9 s\u00f3 pegar um paninho \u00famido e limpar o local. Para fam\u00edlias com crian\u00e7as, o estofado em couro pode ser a solu\u00e7\u00e3o.<\/p>\n<p>Frio ou quente?: Nenhum dos dois! O couro \u00e9 um material adapt\u00e1vel, tanto \u00e0 temperatura quanto ao molde do corpo. Portanto, n\u00e3o concentra calor e nem frio. Al\u00e9m disso, voc\u00ea pode incluir almofadas em tecido ou mantas sobre os sof\u00e1s de couro, caso queira aumentar a sensa\u00e7\u00e3o de aconchego.<\/p>\n<p>F\u00e1cil combina\u00e7\u00e3o:\u00a0A beleza e o charme dos estofados em couro s\u00e3o caracter\u00edsticas que merecem destaque. Dificilmente, o couro \u00e9 estampado, o que facilita sua combina\u00e7\u00e3o em diferentes tipos de decora\u00e7\u00e3o. As cores terrosas se diferenciam apenas pelos variados tons, o que pode ser interessante para um d\u00e9cor monocrom\u00e1tico. J\u00e1 para estilos clean ou cl\u00e1ssicos, opte pelo couro em tons neutros.<\/p>\n","protected":false},"excerpt":{"rendered":"<p>Sof\u00e1 El\u00e9trico confeccionado em couro 100% natural, perfeito para transformar sua sala em um verdadeiro ref\u00fagio de relaxamento. Com tecnologia el\u00e9trico\/automatizado, ele \u00e9 retr\u00e1til e reclin\u00e1vel, garantindo uma experi\u00eancia personalizada e de f\u00e1cil controle.<\/p>\n<p>&nbsp;<\/p>\n","protected":false},"featured_media":11555,"comment_status":"open","ping_status":"closed","template":"","meta":[],"product_cat":[217,126,67],"product_tag":[],"class_list":{"0":"post-18809","1":"product","2":"type-product","3":"status-publish","4":"has-post-thumbnail","6":"product_cat-sofa-couro-natural","7":"product_cat-sofa-retratil","8":"product_cat-sofas","9":"product_shipping_class-fabricar-60-dias","11":"first","12":"onbackorder","13":"shipping-taxable","14":"purchasable","15":"product-type-variable","16":"col-xs-6 col-sm-4","17":"col-md-3 col-lg-3","18":"un-4-cols"},"_links":{"self":[{"href":"https:\/\/marquesestofados.com.br\/loja\/wp-json\/wp\/v2\/product\/18809","targetHints":{"allow":["GET"]}}],"collection":[{"href":"https:\/\/marquesestofados.com.br\/loja\/wp-json\/wp\/v2\/product"}],"about":[{"href":"https:\/\/marquesestofados.com.br\/loja\/wp-json\/wp\/v2\/types\/product"}],"replies":[{"embeddable":true,"href":"https:\/\/marquesestofados.com.br\/loja\/wp-json\/wp\/v2\/comments?post=18809"}],"wp:featuredmedia":[{"embeddable":true,"href":"https:\/\/marquesestofados.com.br\/loja\/wp-json\/wp\/v2\/media\/11555"}],"wp:attachment":[{"href":"https:\/\/marquesestofados.com.br\/loja\/wp-json\/wp\/v2\/media?parent=18809"}],"wp:term":[{"taxonomy":"product_cat","embeddable":true,"href":"https:\/\/marquesestofados.com.br\/loja\/wp-json\/wp\/v2\/product_cat?post=18809"},{"taxonomy":"product_tag","embeddable":true,"href":"https:\/\/marquesestofados.com.br\/loja\/wp-json\/wp\/v2\/product_tag?post=18809"}],"curies":[{"name":"wp","href":"https:\/\/api.w.org\/{rel}","templated":true}]}}