{"id":20815,"date":"2025-08-20T23:00:11","date_gmt":"2025-08-21T02:00:11","guid":{"rendered":"https:\/\/marquesestofados.com.br\/loja\/?post_type=product&#038;p=20815"},"modified":"2025-09-02T10:18:51","modified_gmt":"2025-09-02T13:18:51","slug":"sofa-retratil-e-reclinavel-tamanho-222m-262m-292m-modelo-lazio-tecido-cores-sob-encomenda","status":"publish","type":"product","link":"https:\/\/marquesestofados.com.br\/loja\/produto\/sofa-retratil-e-reclinavel-tamanho-222m-262m-292m-modelo-lazio-tecido-cores-sob-encomenda\/","title":{"rendered":"Sof\u00e1 Retr\u00e1til e Reclin\u00e1vel Tamanho 2,22m\/2,62m\/2,92m Modelo Lazio Tecido (CORES) &#8211; SOB ENCOMENDA"},"content":{"rendered":"","protected":false},"excerpt":{"rendered":"<div class=\"woocommerce-product-details__short-description\">\n<p>Sof\u00e1 Lazio permite ter um sof\u00e1 acomodar os integrantes da casa, com espumas firmes nos assentos e estruturas resistentes. Sof\u00e1 retr\u00e1til e reclin\u00e1vel para sala de TV.<\/p>\n<\/div>\n<form class=\"cart\" action=\"https:\/\/marquesestofados.com.br\/lojaproduto\/sofa-retratil-2-lugares-exemplo\/\" enctype=\"multipart\/form-data\" method=\"post\">\n<div class=\"quantity\"><\/div>\n<\/form>\n","protected":false},"featured_media":20837,"comment_status":"open","ping_status":"closed","template":"","meta":[],"product_cat":[126,67],"product_tag":[],"class_list":{"0":"post-20815","1":"product","2":"type-product","3":"status-publish","4":"has-post-thumbnail","6":"product_cat-sofa-retratil","7":"product_cat-sofas","8":"product_shipping_class-fabricar-30-dias","10":"first","11":"onbackorder","12":"shipping-taxable","13":"purchasable","14":"product-type-variable","15":"col-xs-6 col-sm-4","16":"col-md-3 col-lg-3","17":"un-4-cols"},"_links":{"self":[{"href":"https:\/\/marquesestofados.com.br\/loja\/wp-json\/wp\/v2\/product\/20815","targetHints":{"allow":["GET"]}}],"collection":[{"href":"https:\/\/marquesestofados.com.br\/loja\/wp-json\/wp\/v2\/product"}],"about":[{"href":"https:\/\/marquesestofados.com.br\/loja\/wp-json\/wp\/v2\/types\/product"}],"replies":[{"embeddable":true,"href":"https:\/\/marquesestofados.com.br\/loja\/wp-json\/wp\/v2\/comments?post=20815"}],"wp:featuredmedia":[{"embeddable":true,"href":"https:\/\/marquesestofados.com.br\/loja\/wp-json\/wp\/v2\/media\/20837"}],"wp:attachment":[{"href":"https:\/\/marquesestofados.com.br\/loja\/wp-json\/wp\/v2\/media?parent=20815"}],"wp:term":[{"taxonomy":"product_cat","embeddable":true,"href":"https:\/\/marquesestofados.com.br\/loja\/wp-json\/wp\/v2\/product_cat?post=20815"},{"taxonomy":"product_tag","embeddable":true,"href":"https:\/\/marquesestofados.com.br\/loja\/wp-json\/wp\/v2\/product_tag?post=20815"}],"curies":[{"name":"wp","href":"https:\/\/api.w.org\/{rel}","templated":true}]}}

Sofá Retrátil e Reclinável Tamanho 2,22m/2,62m/2,92m Modelo Lazio Tecido (CORES) &#8211; SOB ENCOMENDA

<div class="woocommerce-product-details__short-description">
<p>Sofá Lazio permite ter um sofá acomodar os integrantes da casa, com espumas firmes nos assentos e estruturas resistentes. Sofá retrátil e reclinável para sala de TV.</p>
</div>
<form class="cart" action="https://marquesestofados.com.br/lojaproduto/sofa-retratil-2-lugares-exemplo/" enctype="multipart/form-data" method="post">
<div class="quantity"></div>
</form>
