{"id":5074,"date":"2022-10-23T15:18:49","date_gmt":"2022-10-23T18:18:49","guid":{"rendered":"https:\/\/marquesestofados.com.br\/loja\/?post_type=product&#038;p=5074"},"modified":"2023-11-24T14:51:10","modified_gmt":"2023-11-24T17:51:10","slug":"sofa-fascinio-4-lug-210m-tecido-linho-cor-bege-claro-c-base-madeira-castanho-sob-encomenda","status":"publish","type":"product","link":"https:\/\/marquesestofados.com.br\/loja\/produto\/sofa-fascinio-4-lug-210m-tecido-linho-cor-bege-claro-c-base-madeira-castanho-sob-encomenda\/","title":{"rendered":"Sofa Fascinio 4 Lug 2,10m Tecido Linho cor Bege claro c\/Base Madeira Castanho- SOB ENCOMENDA"},"content":{"rendered":"","protected":false},"excerpt":{"rendered":"<p>O Sof\u00e1 Modelo Fasc\u00ednio \u00e9 um lindo sof\u00e1 living com estrutura e base de madeira de p\u00e9 alto e com revestimento em tecido linho com almofadas de enchimento de fibra siliconada para maior conforto.<\/p>\n","protected":false},"featured_media":5514,"comment_status":"open","ping_status":"closed","template":"","meta":[],"product_cat":[127,67],"product_tag":[],"class_list":["post-5074","product","type-product","status-publish","has-post-thumbnail","product_cat-sofa-living","product_cat-sofas","first","onbackorder","shipping-taxable","purchasable","product-type-simple","col-xs-6 col-sm-4","col-md-3 col-lg-3","un-4-cols"],"_links":{"self":[{"href":"https:\/\/marquesestofados.com.br\/loja\/wp-json\/wp\/v2\/product\/5074","targetHints":{"allow":["GET"]}}],"collection":[{"href":"https:\/\/marquesestofados.com.br\/loja\/wp-json\/wp\/v2\/product"}],"about":[{"href":"https:\/\/marquesestofados.com.br\/loja\/wp-json\/wp\/v2\/types\/product"}],"replies":[{"embeddable":true,"href":"https:\/\/marquesestofados.com.br\/loja\/wp-json\/wp\/v2\/comments?post=5074"}],"wp:featuredmedia":[{"embeddable":true,"href":"https:\/\/marquesestofados.com.br\/loja\/wp-json\/wp\/v2\/media\/5514"}],"wp:attachment":[{"href":"https:\/\/marquesestofados.com.br\/loja\/wp-json\/wp\/v2\/media?parent=5074"}],"wp:term":[{"taxonomy":"product_cat","embeddable":true,"href":"https:\/\/marquesestofados.com.br\/loja\/wp-json\/wp\/v2\/product_cat?post=5074"},{"taxonomy":"product_tag","embeddable":true,"href":"https:\/\/marquesestofados.com.br\/loja\/wp-json\/wp\/v2\/product_tag?post=5074"}],"curies":[{"name":"wp","href":"https:\/\/api.w.org\/{rel}","templated":true}]}}

<p>O Sofá Modelo Fascínio é um lindo sofá living com estrutura e base de madeira de pé alto e com revestimento em tecido linho com almofadas de enchimento de fibra siliconada para maior conforto.</p>
