{"id":5459,"date":"2022-11-09T07:46:23","date_gmt":"2022-11-09T10:46:23","guid":{"rendered":"https:\/\/marquesestofados.com.br\/loja\/?post_type=product&#038;p=5459"},"modified":"2023-11-24T14:29:55","modified_gmt":"2023-11-24T17:29:55","slug":"sofa-fatale-210m-4-lugares-tecido-linho-saturno-cor-cinza-sob-encomenda","status":"publish","type":"product","link":"https:\/\/marquesestofados.com.br\/loja\/produto\/sofa-fatale-210m-4-lugares-tecido-linho-saturno-cor-cinza-sob-encomenda\/","title":{"rendered":"Sofa Fatale 2,10m 4 Lugares Tecido Linho Saturno cor Cinza &#8211; SOB ENCOMENDA"},"content":{"rendered":"","protected":false},"excerpt":{"rendered":"<p>Sof\u00e1 Fatale seu prop\u00f3sito e conforto total , com assentos retr\u00e1teis com molas ensacadas na estrutura. Sof\u00e1 retr\u00e1til e reclinavel com estilo living, leve com bracos pequenos e estrutura pequena. Perfeito para uma sess\u00e3o de cinema em casa , al\u00e9m de ser muito espa\u00e7oso e resistente para acomodar toda a fam\u00edlia .<\/p>\n","protected":false},"featured_media":5460,"comment_status":"open","ping_status":"closed","template":"","meta":[],"product_cat":[125,126,67],"product_tag":[],"class_list":{"0":"post-5459","1":"product","2":"type-product","3":"status-publish","4":"has-post-thumbnail","6":"product_cat-sofa-cama","7":"product_cat-sofa-retratil","8":"product_cat-sofas","9":"product_shipping_class-fabricar-60-dias","11":"first","12":"onbackorder","13":"shipping-taxable","14":"purchasable","15":"product-type-simple","16":"col-xs-6 col-sm-4","17":"col-md-3 col-lg-3","18":"un-4-cols"},"_links":{"self":[{"href":"https:\/\/marquesestofados.com.br\/loja\/wp-json\/wp\/v2\/product\/5459","targetHints":{"allow":["GET"]}}],"collection":[{"href":"https:\/\/marquesestofados.com.br\/loja\/wp-json\/wp\/v2\/product"}],"about":[{"href":"https:\/\/marquesestofados.com.br\/loja\/wp-json\/wp\/v2\/types\/product"}],"replies":[{"embeddable":true,"href":"https:\/\/marquesestofados.com.br\/loja\/wp-json\/wp\/v2\/comments?post=5459"}],"wp:featuredmedia":[{"embeddable":true,"href":"https:\/\/marquesestofados.com.br\/loja\/wp-json\/wp\/v2\/media\/5460"}],"wp:attachment":[{"href":"https:\/\/marquesestofados.com.br\/loja\/wp-json\/wp\/v2\/media?parent=5459"}],"wp:term":[{"taxonomy":"product_cat","embeddable":true,"href":"https:\/\/marquesestofados.com.br\/loja\/wp-json\/wp\/v2\/product_cat?post=5459"},{"taxonomy":"product_tag","embeddable":true,"href":"https:\/\/marquesestofados.com.br\/loja\/wp-json\/wp\/v2\/product_tag?post=5459"}],"curies":[{"name":"wp","href":"https:\/\/api.w.org\/{rel}","templated":true}]}}

<p>Sofá Fatale seu propósito e conforto total , com assentos retráteis com molas ensacadas na estrutura. Sofá retrátil e reclinavel com estilo living, leve com bracos pequenos e estrutura pequena. Perfeito para uma sessão de cinema em casa , além de ser muito espaçoso e resistente para acomodar toda a família .</p>
