{"id":5554,"date":"2022-11-10T21:19:31","date_gmt":"2022-11-11T00:19:31","guid":{"rendered":"https:\/\/marquesestofados.com.br\/loja\/?post_type=product&#038;p=5554"},"modified":"2023-11-24T14:29:45","modified_gmt":"2023-11-24T17:29:45","slug":"sofa-palma-210m-4-lugares-retratil-e-reclinavel-tecido-veludo-cinza-cor-grafite-sob-encomenda","status":"publish","type":"product","link":"https:\/\/marquesestofados.com.br\/loja\/produto\/sofa-palma-210m-4-lugares-retratil-e-reclinavel-tecido-veludo-cinza-cor-grafite-sob-encomenda\/","title":{"rendered":"Sofa Palma 2,10m 4 Lugares Retratil e Reclinavel Tecido Veludo Cinza cor Grafite &#8211; SOB ENCOMENDA"},"content":{"rendered":"","protected":false},"excerpt":{"rendered":"<p>Sofa Palma seu proposito e conforto total , com assentos retrateis e possuem molas espiral com encostos reclinav\u00e9s\u00a0 E perfeito para uma sess\u00e3o de cimena em casa, al\u00e9m de ter muito espa\u00e7oso e resistente para acomadar toda a familia .<\/p>\n","protected":false},"featured_media":5555,"comment_status":"open","ping_status":"closed","template":"","meta":[],"product_cat":[126,67],"product_tag":[],"class_list":["post-5554","product","type-product","status-publish","has-post-thumbnail","product_cat-sofa-retratil","product_cat-sofas","first","onbackorder","shipping-taxable","purchasable","product-type-simple","col-xs-6 col-sm-4","col-md-3 col-lg-3","un-4-cols"],"_links":{"self":[{"href":"https:\/\/marquesestofados.com.br\/loja\/wp-json\/wp\/v2\/product\/5554","targetHints":{"allow":["GET"]}}],"collection":[{"href":"https:\/\/marquesestofados.com.br\/loja\/wp-json\/wp\/v2\/product"}],"about":[{"href":"https:\/\/marquesestofados.com.br\/loja\/wp-json\/wp\/v2\/types\/product"}],"replies":[{"embeddable":true,"href":"https:\/\/marquesestofados.com.br\/loja\/wp-json\/wp\/v2\/comments?post=5554"}],"wp:featuredmedia":[{"embeddable":true,"href":"https:\/\/marquesestofados.com.br\/loja\/wp-json\/wp\/v2\/media\/5555"}],"wp:attachment":[{"href":"https:\/\/marquesestofados.com.br\/loja\/wp-json\/wp\/v2\/media?parent=5554"}],"wp:term":[{"taxonomy":"product_cat","embeddable":true,"href":"https:\/\/marquesestofados.com.br\/loja\/wp-json\/wp\/v2\/product_cat?post=5554"},{"taxonomy":"product_tag","embeddable":true,"href":"https:\/\/marquesestofados.com.br\/loja\/wp-json\/wp\/v2\/product_tag?post=5554"}],"curies":[{"name":"wp","href":"https:\/\/api.w.org\/{rel}","templated":true}]}}

<p>Sofa Palma seu proposito e conforto total , com assentos retrateis e possuem molas espiral com encostos reclinavés  E perfeito para uma sessão de cimena em casa, além de ter muito espaçoso e resistente para acomadar toda a familia .</p>
