{"id":6601,"date":"2023-01-04T16:06:26","date_gmt":"2023-01-04T19:06:26","guid":{"rendered":"https:\/\/marquesestofados.com.br\/loja\/?post_type=product&#038;p=6601"},"modified":"2023-11-24T14:11:14","modified_gmt":"2023-11-24T17:11:14","slug":"sofa-messi-4-lug-250m-retratil-e-reclinavel-tecido-veluplus-cor-bege-claro-sob-encomenda","status":"publish","type":"product","link":"https:\/\/marquesestofados.com.br\/loja\/produto\/sofa-messi-4-lug-250m-retratil-e-reclinavel-tecido-veluplus-cor-bege-claro-sob-encomenda\/","title":{"rendered":"Sofa Messi 4 Lug 2,50m Retratil e Reclinavel Tecido Veluplus cor Bege Claro &#8211; SOB ENCOMENDA"},"content":{"rendered":"","protected":false},"excerpt":{"rendered":"<div class=\"woocommerce-product-details__short-description\">\n<p>Sofa Messi seu prop\u00f3sito e conforto total, com assentos retrateis e possuem molas ensacadas com encostos reclin\u00e1veis. \u00c9 perfeito para uma sess\u00e3o de cinema em casa, al\u00e9m de ser muito espa\u00e7oso e resistente para acomodar toda a fam\u00edlia.<\/p>\n<\/div>\n<form class=\"cart\" action=\"https:\/\/marquesestofados.com.br\/lojaproduto\/sofa-retratil-2-lugares-exemplo\/\" enctype=\"multipart\/form-data\" method=\"post\">\n<div class=\"quantity\"><\/div>\n<\/form>\n","protected":false},"featured_media":5354,"comment_status":"open","ping_status":"closed","template":"","meta":[],"product_cat":[126,67],"product_tag":[],"class_list":{"0":"post-6601","1":"product","2":"type-product","3":"status-publish","4":"has-post-thumbnail","6":"product_cat-sofa-retratil","7":"product_cat-sofas","8":"product_shipping_class-fabricar-60-dias","10":"first","11":"onbackorder","12":"shipping-taxable","13":"purchasable","14":"product-type-simple","15":"col-xs-6 col-sm-4","16":"col-md-3 col-lg-3","17":"un-4-cols"},"_links":{"self":[{"href":"https:\/\/marquesestofados.com.br\/loja\/wp-json\/wp\/v2\/product\/6601","targetHints":{"allow":["GET"]}}],"collection":[{"href":"https:\/\/marquesestofados.com.br\/loja\/wp-json\/wp\/v2\/product"}],"about":[{"href":"https:\/\/marquesestofados.com.br\/loja\/wp-json\/wp\/v2\/types\/product"}],"replies":[{"embeddable":true,"href":"https:\/\/marquesestofados.com.br\/loja\/wp-json\/wp\/v2\/comments?post=6601"}],"wp:featuredmedia":[{"embeddable":true,"href":"https:\/\/marquesestofados.com.br\/loja\/wp-json\/wp\/v2\/media\/5354"}],"wp:attachment":[{"href":"https:\/\/marquesestofados.com.br\/loja\/wp-json\/wp\/v2\/media?parent=6601"}],"wp:term":[{"taxonomy":"product_cat","embeddable":true,"href":"https:\/\/marquesestofados.com.br\/loja\/wp-json\/wp\/v2\/product_cat?post=6601"},{"taxonomy":"product_tag","embeddable":true,"href":"https:\/\/marquesestofados.com.br\/loja\/wp-json\/wp\/v2\/product_tag?post=6601"}],"curies":[{"name":"wp","href":"https:\/\/api.w.org\/{rel}","templated":true}]}}

<div class="woocommerce-product-details__short-description">
<p>Sofa Messi seu propósito e conforto total, com assentos retrateis e possuem molas ensacadas com encostos reclináveis. É perfeito para uma sessão de cinema em casa, além de ser muito espaçoso e resistente para acomodar toda a família.</p>
</div>
<form class="cart" action="https://marquesestofados.com.br/lojaproduto/sofa-retratil-2-lugares-exemplo/" enctype="multipart/form-data" method="post">
<div class="quantity"></div>
</form>
