{"id":7980,"date":"2023-05-18T18:51:39","date_gmt":"2023-05-18T21:51:39","guid":{"rendered":"https:\/\/marquesestofados.com.br\/loja\/?post_type=product&#038;p=7980"},"modified":"2023-11-24T15:23:30","modified_gmt":"2023-11-24T18:23:30","slug":"poltrona-heloisa-tecido-kouro-ecologico-cor-caramelo-e-base-aco-carbono-cor-preto-sob-encomenda","status":"publish","type":"product","link":"https:\/\/marquesestofados.com.br\/loja\/produto\/poltrona-heloisa-tecido-kouro-ecologico-cor-caramelo-e-base-aco-carbono-cor-preto-sob-encomenda\/","title":{"rendered":"Poltrona Heloisa Tecido Kouro Ecologico cor Caramelo e Base A\u00e7o Carbono cor Preto &#8211; SOB ENCOMENDA"},"content":{"rendered":"","protected":false},"excerpt":{"rendered":"<div class=\"woocommerce-product-details__short-description\">\n<p>Poltrona confort\u00e1vel e resistente ao peso da pessoa com bra\u00e7os e p\u00e9s em metalon com conforto encosto m\u00e9dio com a delicadeza de um tecido em combina\u00e7\u00e3o com a metalon . Material linho com base de a\u00e7o carbono. C\u00f3digo do tecido: Kouro Sint\u00e9tico Caramelo-C<\/p>\n<\/div>\n","protected":false},"featured_media":7985,"comment_status":"open","ping_status":"closed","template":"","meta":[],"product_cat":[232,113],"product_tag":[],"class_list":{"0":"post-7980","1":"product","2":"type-product","3":"status-publish","4":"has-post-thumbnail","6":"product_cat-poltrona-base-aco-metalon","7":"product_cat-poltronas","8":"product_shipping_class-fabricar-60-dias","10":"first","11":"onbackorder","12":"downloadable","13":"shipping-taxable","14":"purchasable","15":"product-type-simple","16":"col-xs-6 col-sm-4","17":"col-md-3 col-lg-3","18":"un-4-cols"},"_links":{"self":[{"href":"https:\/\/marquesestofados.com.br\/loja\/wp-json\/wp\/v2\/product\/7980","targetHints":{"allow":["GET"]}}],"collection":[{"href":"https:\/\/marquesestofados.com.br\/loja\/wp-json\/wp\/v2\/product"}],"about":[{"href":"https:\/\/marquesestofados.com.br\/loja\/wp-json\/wp\/v2\/types\/product"}],"replies":[{"embeddable":true,"href":"https:\/\/marquesestofados.com.br\/loja\/wp-json\/wp\/v2\/comments?post=7980"}],"wp:featuredmedia":[{"embeddable":true,"href":"https:\/\/marquesestofados.com.br\/loja\/wp-json\/wp\/v2\/media\/7985"}],"wp:attachment":[{"href":"https:\/\/marquesestofados.com.br\/loja\/wp-json\/wp\/v2\/media?parent=7980"}],"wp:term":[{"taxonomy":"product_cat","embeddable":true,"href":"https:\/\/marquesestofados.com.br\/loja\/wp-json\/wp\/v2\/product_cat?post=7980"},{"taxonomy":"product_tag","embeddable":true,"href":"https:\/\/marquesestofados.com.br\/loja\/wp-json\/wp\/v2\/product_tag?post=7980"}],"curies":[{"name":"wp","href":"https:\/\/api.w.org\/{rel}","templated":true}]}}

Poltrona Heloisa Tecido Kouro Ecologico cor Caramelo e Base Aço Carbono cor Preto &#8211; SOB ENCOMENDA

<div class="woocommerce-product-details__short-description">
<p>Poltrona confortável e resistente ao peso da pessoa com braços e pés em metalon com conforto encosto médio com a delicadeza de um tecido em combinação com a metalon . Material linho com base de aço carbono. Código do tecido: Kouro Sintético Caramelo-C</p>
</div>
